2*c**3 - 30*c**2 - 38*c + 548. Determine s(14).
-376
Let m(v) = 449*v - 50083. What is m(110)?
-693
Let q(k) = -57*k + 1130. Determine q(41).
-1207
Let b(r) = r**3 + 8*r**2 - 40*r - 60. Calculate b(-10).
140
Let g(m) = 8405*m - 92456. What is g(11)?
-1
Let x(v) = -4*v**3 + 318*v**2 + 2357*v - 2675. Determine x(1).
-4
Let a(c) = -22*c**2 + 89*c + 363. What is a(-4)?
-345
Let g(p) = -p**3 + 17*p**2 - 325*p + 4311. Give g(13).
762
Let m(f) = -250*f**2 - 46796*f - 8603. Give m(-187).
-1
Let m(z) = 46*z - 728. Give m(-21).
-1694
Let a(z) = -132*z + 25027. Determine a(188).
211
Let w(k) = -k**3 - 311*k**2 + 1523*k - 18007. Determine w(-316).
5
Let d(p) = p**3 + 6422*p**2 - 369310*p + 409. What is d(57)?
10
Let g(l) = 2941*l**2 - 8804*l - 20. What is g(3)?
37
Let i(t) = t**3 + 557*t**2 + 3232*t - 9269. Give i(-8).
11
Let k(x) = -63606*x + 3116714. Determine k(49).
20
Let t(i) = -4*i**3 + 2*i**2 + 84*i + 370. Determine t(-4).
322
Let t(d) = 985*d + 11663. Give t(-12).
-157
Let o(v) = 7*v**2 + 1494*v + 12888. What is o(-9)?
9
Let w(o) = -5*o + 4667. Give w(933).
2
Let f(a) = 2545*a - 18204. Calculate f(7).
-389
Let n(a) = -4*a**2 - 671*a - 16821. Determine n(-30).
-291
Let u(v) = v**2 - 33247*v + 9688192. Calculate u(294).
10
Let s(o) = o**2 - 326*o + 19244. Determine s(257).
1511
Let p(n) = n**2 + 229*n + 7416. Calculate p(-39).
6
Let p(f) = 12*f**2 - 925*f + 1561. Calculate p(75).
-314
Let d(z) = -2*z**3 - 11*z**2 - 94*z - 628. Calculate d(-7).
177
Let x(w) = 15646*w - 187764. What is x(12)?
-12
Let o(b) = b**2 - 193*b - 3105. What is o(-15)?
15
Let m(o) = o**2 - 286*o - 3562. Calculate m(-12).
14
Let a(i) = -i**3 + 235*i**2 + 725*i. Determine a(-3).
-33
Let t(n) = 18883*n - 415538. Calculate t(22).
-112
Let u(w) = 2*w**3 - 16*w**2 - 1832*w + 16334. Calculate u(9).
8
Let u(j) = -153024*j - 153026. What is u(-1)?
-2
Let t(d) = -10189*d + 40714. What is t(4)?
-42
Let h(d) = -3*d**3 + 158*d**2 + 2413*d - 504. Calculate h(65).
16
Let p(m) = -2797*m + 142515. Give p(51).
-132
Let c(j) = -886*j + 2745. What is c(3)?
87
Let s(v) = v**3 + 608*v**2 + 2959*v - 33833. Give s(-603).
-65
Let a(l) = -2055237*l - 20552368. What is a(-10)?
2
Let x(u) = 131*u**3 + 27*u**2 + 20*u - 3. Determine x(-1).
-127
Let r(b) = -2825*b + 76044. Calculate r(27).
-231
Let g(q) = 3*q**2 + 3058*q + 15311. Calculate g(-5).
96
Let b(v) = 4*v**3 - 104*v**2 + 101*v - 195. What is b(25)?
-170
Let n(k) = -20908*k - 20830. Give n(-1).
78
Let t(a) = -a**2 - 169*a - 1434. What is t(-9)?
6
Let x(n) = 2021*n + 11323. Give x(-6).
-803
Let c(m) = 6*m**3 - 3179*m**2 - 16588*m + 1613. Determine c(535).
8
Let b(n) = -23*n**2 + 72*n - 526. Give b(6).
-922
Let s(g) = 3202*g + 19198. What is s(-6)?
-14
Let k(i) = 11*i**3 - 134*i**2 + 110*i - 966. Determine k(12).
66
Let o(k) = -2*k**3 + 42*k**2 + 126*k - 1792. Calculate o(22).
12
Let k(u) = 13*u**3 + 53*u**2 - 150*u - 717. Give k(-4).
-101
Let s(g) = -12*g**3 - 62*g**2 + 86*g + 443. Determine s(-5).
-37
Let b(v) = -2*v**3 - 26*v**2 + 668*v + 7836. What is b(-11)?
4
Let j(i) = -56*i**3 + 317*i**2 + 116*i - 70. Calculate j(6).
-58
Let t(w) = 3*w**3 - 126*w**2 + 141*w - 776. Determine t(41).
-38
Let q(h) = -h**2 - 2349*h - 3014. What is q(0)?
-3014
Let n(t) = 3234*t - 25858. Calculate n(8).
14
Let l(t) = 3*t**2 - 399*t + 169. Give l(133).
169
Let t(m) = -1800*m - 53971. What is t(-30)?
29
Let q(s) = s**2 - 979*s - 3892. Determine q(-4).
40
Let v(h) = -139*h**2 + h + 2. Determine v(1).
-136
Let h(s) = 3853*s + 209139. Give h(-54).
1077
Let y(w) = 15*w**2 - 11307*w - 404232. What is y(788)?
12
Let d(r) = r**3 + 240*r**2 - 1987*r + 83. What is d(8)?
59
Let v(g) = -24*g**2 + 148*g + 372. Determine v(8).
20
Let m(t) = -2812*t + 48191. Give m(17).
387
Let w(s) = 5*s**3 + 42*s**2 - 10*s - 664. Give w(-8).
-456
Let p(w) = w**3 - 94*w**2 - 956*w + 124702. What is p(89)?
13
Let t(y) = 12103*y + 217897. What is t(-18)?
43
Let l(c) = -27*c**2 + 887*c + 86. Determine l(33).
-46
Let n(m) = -9*m**2 - 2962*m - 8812. Give n(-3).
-7
Let o(z) = 253*z - 4572. What is o(18)?
-18
Let n(g) = 855*g + 103406. Determine n(-121).
-49
Let o(i) = 1418*i + 112415. What is o(-79)?
393
Let s(d) = -d**3 + 904*d**2 + 5411*d - 1615324. Calculate s(908).
8
Let j(s) = -26*s**3 + 9*s**2 + 25*s - 11. Give j(3).
-557
Let w(k) = 3216*k - 241083. What is w(75)?
117
Let d(x) = -8732*x + 42. Determine d(0).
42
Let r(k) = 245274*k - 4414924. Calculate r(18).
8
Let r(b) = 30*b**3 + 1892*b**2 + 200*b + 4664. What is r(-63)?
2
Let z(h) = 4*h**2 + 209*h + 2685. Calculate z(-28).
-31
Let l(r) = 2*r**2 + 291*r - 48415. Give l(99).
-4
Let x(r) = 8*r**2 + 72*r - 1869. What is x(-20)?
-109
Let d(s) = -2*s**3 + 530*s**2 - 8444*s + 2. What is d(17)?
-202
Let h(r) = r**3 - 101*r**2 - 281*r - 3252. Calculate h(104).
-28
Let v(u) = u**2 - 108*u + 4635. What is v(61)?
1768
Let a(i) = -i**3 - 230*i**2 + 4722*i - 2243. What is a(-249)?
-2
Let n(d) = -154*d - 1681. Determine n(-10).
-141
Let m(j) = 2*j**3 - 32*j**2 + 369*j - 5063. What is m(15)?
22
Let o(r) = r**3 - 10*r**2 - 17*r + 294. Determine o(8).
30
Let z(o) = 262*o + 4194. What is z(-21)?
-1308
Let n(y) = 971*y - 154497. Determine n(159).
-108
Let i(p) = p**3 + 22*p**2 - 955*p - 22000. Calculate i(-25).
0
Let f(u) = 375*u + 1432. What is f(-4)?
-68
Let v(p) = -p**3 + 9*p**2 - 5618*p + 85632. What is v(15)?
12
Let v(l) = -510*l - 140246. Determine v(-275).
4
Let p(r) = 8*r**2 - 16*r - 16231. Determine p(-44).
-39
Let u(r) = -2864*r**2 - 887838*r + 631. Give u(-310).
11
Let u(x) = -x**3 + 182*x**2 + 301*x + 12705. Calculate u(184).
377
Let n(f) = 26973*f + 243124. Give n(-9).
367
Let s(h) = -5*h**3 - 35*h**2 - 88*h - 8. What is s(-3)?
76
Let o(a) = -7*a**3 - 143*a**2 - 420*a + 1. What is o(-3)?
163
Let z(r) = 4181*r - 1538602. Calculate z(368).
6
Let h(k) = -120*k**3 + 86280*k**2 + 6*k - 4338. What is h(719)?
-24
Let w(a) = -6*a**3 + 78*a**2 + 147*a + 711. Determine w(15).
216
Let c(t) = -t**3 + 359*t**2 + 722*t + 8. Give c(361).
8
Let g(l) = 17*l**3 - 252*l**2 + l + 20. Give g(15).
710
Let t(z) = 3129*z - 59247. Give t(19).
204
Let r(n) = -n**3 - 7*n**2 - 686*n - 4107. What is r(-6)?
-27
Let t(q) = 352027*q + 1760093. Calculate t(-5).
-42
Let c(m) = -32*m**3 + 2017*m**2 - 48*m - 957. Give c(63).
-12
Let b(w) = -3035*w**3 - w**2 + 14*w + 13. What is b(-1)?
3033
Let h(d) = -4*d**3 + 32*d**2 - 57*d - 91. What is h(4)?
-63
Let q(s) = -s**2 + 46985*s - 516700. Give q(11).
14
Let g(w) = w**2 - 100*w + 532. Calculate g(99).
433
Let i(n) = -n**3 - 8*n**2 + 1215*n - 206. Give i(31).
-20
Let i(f) = -523*f + 251110. Calculate i(480).
70
Let x(o) = -242*o**3 - 36*o**2 - 80*o - 53. Calculate x(-1).
233
Let d(k) = 284*k + 17823. Determine d(-63).
-69
Let c(t) = -6*t**2 - 8253*t - 33023. Calculate c(-4).
-107
Let t(z) = -12*z**3 - 4954*z**2 + 827*z + 381. What is t(-413)?
-32
Let h(z) = -z**3 - 1029*z**2 + 18862*z - 1100395. What is h(-1048)?
5
Let i(u) = 7542*u + 271316. Calculate i(-36).
-196
Let o(s) = -64*s**2 + 135*s - 152. Determine o(3).
-323
Let b(u) = 5*u**2 + 2565*u + 72458. Calculate b(-30).
8
Let y(c) = 392*c**3 - 38420*c**2 + 393*c - 94. Calculate y(98).
4
Let z(l) = l**3 + 129*l**2 + 1900*l - 32. What is z(-17)?
36
Let y(g) = 15919*g - 13865442. What is y(871)?
7
Let c(z) = -3*z**3 + 36*z**2 - 213*z + 329. Give c(7).
-427
Let a(k) = 7*k**3 - 531*k**2 - 65*k + 225. What is a(76)?
1061
Let j(v) = -2*v**2 - 241*v - 2290. Determine j(-11).
119
Let d(z) = 2447*z + 95343. What is d(-39)?
-90
Let w(p) = 2*p**3 + 88*p**2 - 43*p + 2227. Calculate w(-45).
112
Let h(z) = -71796*z - 26. What is h(0)?
-26
Let z(m) = 4404*m + 22119. Calculate z(-5).
99
Let m(b) = -10667*b - 3370825. Determine m(-316).
-53
Let l(s) = -15*s**2 - 83*s + 12. What is l(3)?
-372
Let o(d) = -4*d**3 + 133*d - 8. Calculate o(-8).
976
Let l(d) = -1855*d - 2264. Determine l(-1).
-409
Let w(t) = 85*t**2 - 729*t - 242. Calculate w(9).
82
Let v(w) = -86*w**2 - 363*w + 56. What is v(-6)?
-862
Let i(l) = -70*l + 2956. Determine i(62).
-1384
Let c(m) = -6728*m - 80782. What is c(-12)?
-46
Let b(v) = -1533*v + 780. Calculate b(1).
-753
Let r(n) = -36191*n + 361902. Calculate r(10).
-8
Let v(t) = -t**3 - 132*t**2 + 519*t - 2339. Give v(-136).
1061
Let u(g) = -2*g**2 - 810*g - 78887. What is u(-163)?
5
Le